ppose -z = -3*q - f, 4*q - 180 - 156 = t*f. List the prime factors of q.
2, 3, 7
Suppose -5*y + 3*q + 7368 = 0, 1203 = 3*y - 3*q - 3225. What are the prime factors of y?
2, 3, 5, 7
Let z = 40 - 46. List the prime factors of (27 + -24)*(-1376)/z.
2, 43
Let s(q) = 14868*q**2 + 8*q + 2. What are the prime factors of s(-1)?
2, 3, 2477
Suppose 2*s - 4*j = -148, -s + 2*j - 67 = 7*j. Let v = 219 + -277. Let r = v - s. List the prime factors of r.
2, 7
Let r(a) = 3*a**2 + 6. Let f(d) be the first derivative of -d**2 - 18*d + 4. Let x be f(-9). What are the prime factors of r(x)?
2, 3
Suppose -435 = -13*r + 7. Suppose r*f + 4583 = 32191. List the prime factors of f.
2, 7, 29
Let r = 1220 + 3098. List the prime factors of r.
2, 17, 127
Let q(b) = -79*b + 8338. List the prime factors of q(0).
2, 11, 379
Suppose 3*q + 5*y = 14758, 13990 = 2*q + 3*y + 4153. What are the prime factors of q?
3, 1637
What are the prime factors of 4*291035/40 - (-11 + (-92)/(-8))?
3, 89, 109
Suppose -1 - 7 = -2*b, -5*b = -f - 102. Let n = -160 - f. Let v = n - -82. What are the prime factors of v?
2
Let o = -1233 - -4479. List the prime factors of o.
2, 3, 541
Let w(d) = -36*d - 5. Let u be w(-1). Suppose -u*f + 10*f = -26628. List the prime factors of f.
2, 317
Let o(y) = 27*y**2 - 714. What are the prime factors of o(-20)?
2, 3, 41
Let f(m) = m**3 - 41*m**2 + 6*m + 107. What are the prime factors of f(41)?
353
Let l(a) = -a**3 - 4*a**2 + 11*a - 4. Let w be l(-6). List the prime factors of ((-301)/w)/(-7)*6.
3, 43
Let w = 1508 + 1873. What are the prime factors of w?
3, 7, 23
Let o(x) = 2*x**2 + 40*x - 111. What are the prime factors of o(41)?
67, 73
Suppose -2*g - 2*s = -30108, 5*g - 2*s - 23067 = 52182. What are the prime factors of g?
3, 29, 173
Suppose 13923 = 68*z - 55*z. Let t = z + -490. What are the prime factors of t?
7, 83
Suppose -2*l = 32*q - 29*q - 27945, 0 = 5*l - 4*q - 69828. What are the prime factors of l?
2, 3, 97
Let v = -44234 - -95421. What are the prime factors of v?
17, 3011
Let l(t) = 4*t - 15. Let f be (8/(-18)*-3)/((-3)/(-9)). Let o be l(f). What are the prime factors of (o + -12)/((-1)/2)?
2, 11
Let b = 134 + -228. Let m = b - -123. List the prime factors of m.
29
Suppose p - 4308 = -3*s, -2*s + 7*s - 3*p = 7194. Let i = s - 1005. Let h = i + -217. List the prime factors of h.
5, 43
Let v(d) = -2*d**3 - d**2 + 5*d + 1. Let t be v(5). Let p = t - -452. List the prime factors of p.
7, 29
Let c = -30 - -30. Let q be (-5)/1 - (32 + -67). Suppose q*n - 17*n - 2821 = c. What are the prime factors of n?
7, 31
Suppose 2*v = -2*i + 10574, 1069*v - 4*i = 1072*v - 15859. What are the prime factors of v?
3, 41, 43
Let w(z) = 481*z**2 - 17*z - 54. Let a be w(-4). Suppose 0 = -9*d - 1842 + a. What are the prime factors of d?
2, 163
Let q(x) = -x. Let j(s) = -10*s - 53. Let g be 3/(-4) - 91/28. Let b(p) = g*q(p) - j(p). What are the prime factors of b(13)?
5, 47
Suppose 2*a + 70 = 5*j + 2, 0 = a - 1. Suppose 4*h = j + 2, 5*h - 1096 = -4*x. Suppose -x = 5*m - 1224. List the prime factors of m.
191
What are the prime factors of -6*(-11)/264*8220?
3, 5, 137
Let y(p) = p**3 - 79*p**2 + 145*p - 234. List the prime factors of y(81).
3, 7, 17, 23
Let d(g) = 639*g + 10. Suppose 25*k + 3*k = 28. What are the prime factors of d(k)?
11, 59
Let m = -53 + 52. Let q = -54 + 50. What are the prime factors of (q - -226) + 3*m/(-1)?
3, 5
Let c = 253990 + -176153. List the prime factors of c.
277, 281
Let r(k) = -5*k**2 + 21*k - 55. Let p be r(13). Let b = -365 - p. List the prime factors of b.
2, 131
Let o = -93 - -89. Let k be (-2 - o) + -1 - -22. Suppose -701 = -3*f - k. What are the prime factors of f?
2, 113
Let v(f) = -25*f + 9. Let s(a) = 125*a - 48. Let u(m) = -6*s(m) - 33*v(m). What are the prime factors of u(6)?
3, 7
Suppose 5*p = -31*p + 902484. What are the prime factors of p?
11, 43, 53
Let z(c) be the third derivative of -11*c**4/6 + 7*c**3/3 + c**2. Suppose -759 = -36*n - 903. What are the prime factors of z(n)?
2, 5, 19
Let k = 2615 - 2278. List the prime factors of k.
337
Let f be (-1)/(-2) - (-2538)/(-36). Let o = f + 74. Suppose 669 = o*s + 169. List the prime factors of s.
5
Let b(t) be the second derivative of t**5/20 + 3*t**4/4 - t**3/3 + 3*t**2 - t. Suppose -40 = 4*q - 4. List the prime factors of b(q).
2, 3
Let q(n) = -4*n + 68. Let z be q(13). Let p(o) = 6*o**2 - 25*o + 278. What are the prime factors of p(z)?
2, 7, 101
Let h = -226 - -404. List the prime factors of 2 + 5/((-10)/8) + h.
2, 11
Let r = 4019 - -6605. What are the prime factors of r?
2, 83
Suppose -1 - 89 = -30*x. What are the prime factors of x/66*-4 - 5350/(-22)?
3
Let l = 43 - 39. Let n be l + 20/(-6) - 1672/(-3). Suppose -50*f = -53*f + n. What are the prime factors of f?
2, 3, 31
Let g = 3473 + -1964. Let z = 2984 - g. List the prime factors of z.
5, 59
Suppose 0 = 5*h + 35, -2*t - h + 74888 = h. What are the prime factors of t?
17, 2203
Suppose 3*a - 7 = 3*y + 8, 0 = a + y + 5. Let w be (4805/(-10))/(-1 + 3/6). Suppose 6*c - 107 - w = a. What are the prime factors of c?
2, 89
Let g be (-4)/(-10)*(-150)/(-10). List the prime factors of (16/g - 4)*(-1557)/6.
2, 173
Suppose -3*b + 404*b = 16550072. What are the prime factors of b?
2, 7, 11, 67
List the prime factors of (-4)/(-6)*(-1646433)/(-102).
3, 17, 211
List the prime factors of (-2)/(9 + 19/(475494/(-225240))).
2, 43, 97
Suppose 245267 = -34*p + 39*p - 4*q, 98114 = 2*p - 4*q. What are the prime factors of p?
181, 271
Let d(r) be the third derivative of r**5/60 - 3*r**4/8 - r**3 + 2*r**2. Let o(a) = 72*a + 443. Let j be o(-6). List the prime factors of d(j).
2
Let a(y) = -160*y**3 + 42*y**2 + 353*y + 50. What are the prime factors of a(-7)?
54517
Let b(m) = 764*m**2 - 22*m - 21. Let f be b(-1). Let d = -390 + f. What are the prime factors of d?
3, 5
Let v = -29753 + 65630. List the prime factors of v.
3, 11959
Let i(y) = 519*y**2 + 39*y + 13. Let t be i(-5). What are the prime factors of (9/6)/(1 + t/(-12826))?
11, 53
Let l(u) = -23*u**3 - 15*u**2 + u - 91. What are the prime factors of l(-8)?
7, 1531
Let f be 14*(10/(-4))/(-13 - -8). Suppose -5056 = f*s - 23*s. What are the prime factors of s?
2, 79
Let q(r) = -r**3 - 7*r**2 - 2*r - 4. Let p be q(-7). List the prime factors of (2/3)/(p/(-45180)*-6).
2, 251
Suppose 355096 = 13*l + 142013. List the prime factors of l.
37, 443
Let i(o) = -o**3 - 7*o**2 + 5*o - 40. Let x be i(-8). Let r(a) = 2*a**3 + 39*a**2 + 63*a - 8. What are the prime factors of r(x)?
2, 97
Let l = -447 - -656. List the prime factors of (-22)/l - (-14290)/19.
2, 47
Let a(g) = -6*g + 5. Let w be a(-9). Let m = -55 + w. Suppose 27 = 5*k - m*k. List the prime factors of k.
3
Let j = 39638 - 15592. What are the prime factors of j?
2, 11, 1093
Let z(x) = 11*x + 3. Let h be z(20). List the prime factors of h + (-2 + 3)*1.
2, 7
Suppose -k - 2*w + 11 = 0, 4*k = -27*w + 25*w + 20. Let g(p) = 16*p**2 - 10*p + 19. List the prime factors of g(k).
7, 19
Let n(i) = -2*i**3 - 29*i**2 - 12*i + 31. Let o be n(-14). Suppose 0 = 2*a - 3*a - 4, -4*a = -o*h + 673. List the prime factors of h.
3, 73
Suppose -2*c + 0*c = -28. Let x = -12 + c. What are the prime factors of x/((-4)/(-110))*(2 + -1)?
5, 11
Suppose 3*m = 9*m + 29897 - 146975. What are the prime factors of m?
13, 19, 79
Suppose -146*k + 162*k - 213648 = 0. What are the prime factors of k?
3, 4451
Let v(d) = 88*d**3 + 9*d - 24. What are the prime factors of v(5)?
103, 107
Let x(a) = -3*a**2 + 2*a - 810. Let z(d) = d**2 - d + 270. Let s(p) = 2*x(p) + 7*z(p). What are the prime factors of s(0)?
2, 3, 5
Let k(r) = -2*r**2 + r + 1. Let c be k(-4). Let b be 22 + (-18)/24 + (-75)/12. List the prime factors of b - 13 - 2*c.
2, 3
Let b(c) = 47*c + 276. Suppose -3*m = 3*j + m - 23, 0 = 4*j - 4*m - 12. List the prime factors of b(j).
7, 73
Let w(f) = -f - 2. Let z be w(-5). Suppose 3*d = -g - 3, -31 = 4*g + z*d + 8. What are the prime factors of 107/2 - 6/g?
2, 3
Let k = -71 + 73. Suppose -2*o + 23 = 3*i, -3*o - k = 2*i - 6*o. Suppose -i*b + 750 = -2*s, -s - 3*s + 20 = 0. What are the prime factors of b?
2, 19
Let i(m) be the second derivative of -m**3/3 + 3*m**2/2 + m. Let w be i(-1). Suppose -w*n - 5*d - 511 = -1256, -3*n + d = -427. List the prime factors of n.
2, 3
Let d(p) = -2*p*